- 226 = 0, -4*z - 5*f + 204 = 0. Is z a prime number?
False
Suppose -21203 = 34*w - 88693. Is w prime?
False
Let u = -9 - -11. Suppose 0 = 3*x + u*g - 916, -g + 307 = -x + 2*x. Is x composite?
True
Let o = 32 + -30. Suppose 2026 = o*q - 316. Is q composite?
False
Suppose 4*c = 6*v - v, 2*v - 33 = -5*c. Suppose v*p - 2139 = 1009. Is p prime?
True
Suppose -3*o = 4*a - 3171, a + 4*o - 901 = -118. Suppose -3*g + 4*g - a = 0. Suppose p - 6*p = -g. Is p prime?
False
Suppose -5*c + 61610 = -157805. Is c a prime number?
False
Suppose w = -4*s - 1769, 2*w + 24 = 4*s - 3478. Let x = w - -3688. Is x a composite number?
False
Suppose -2*c = -4*u + 2054, 3*u - 5*c = u + 1047. Let h = -32 + u. Is h a prime number?
True
Suppose -2903 = 3*t - 10193. Suppose -4*n - 1451 = -3*r - 0*n, 5*n - t = -5*r. Is r prime?
False
Suppose 5*z + 2*z = 0. Is -7 + (4 - z) + 334 a prime number?
True
Let f(x) = x**3 + 7*x**2 + 3. Let k be f(-7). Let c be (k - 9)*6/(-4). Let h(g) = -g**3 + 9*g**2 + 7*g - 8. Is h(c) prime?
False
Let z = -17161 + 24930. Is z prime?
False
Let l(j) be the second derivative of -35*j**3/6 + 2*j**2 - 11*j. Is l(-2) a prime number?
False
Let s(c) = 18*c + 2. Let u be s(7). Suppose 0 = 6*a - 4*a - u. Let p = a - 38. Is p a prime number?
False
Suppose 0 = -d - 3*x + 7, 0 = -0*d + 4*d - 5*x + 40. Let y(g) = 2*g + 10. Let t be y(d). Is t + 1 + 215 + 7 a composite number?
False
Let m(x) = x**2 + 9*x - 7. Let y be m(-10). Suppose 4*k - 2*d - 2706 = 0, -2*d = k - y*k + 1352. Is k a prime number?
True
Suppose 476 - 40 = -4*s. Let k = 218 + s. Is k a composite number?
False
Let r = 3289 - -12966. Is r a composite number?
True
Let o = 13561 + -9290. Is o composite?
False
Suppose 5*i = 3*i + 4. Is 4968/4 - (3 - i) a composite number?
True
Let y(j) = 26*j**2 - 17. Suppose -20*r + 15*r = -25. Is y(r) a prime number?
False
Suppose 4*f + 3*u = 32, -2*f - 4*u + 22 = -u. Suppose f*l + 5*k = 560, 4*k - 111 = -l + 7. Suppose v + 33 = l. Is v composite?
True
Suppose 33*q - 31*q - 441038 = 0. Is q prime?
False
Suppose d - 438 = 5*o, 0 = 4*d + 4*o - 3*o - 1773. Is d composite?
False
Let n(v) = 35*v**2 - 26*v + 74. Is n(15) prime?
True
Suppose 0*m - 21 = 3*m. Let o be m + (2 - (-4)/4). Is (o/(-8))/(2/268) prime?
True
Suppose 0 = 2*t - 636 + 34. Let f = t - -178. Is f a composite number?
False
Let d(g) = -g**3 - 12*g**2 - 11*g + 18. Let q be d(-13). Let i = -185 + q. Is i a composite number?
True
Suppose 4*x - 2*v = 150, -x - x + 5*v = -55. Is 3*2/(-8) + 1870/x a prime number?
False
Let o(p) = -p**2 - 6*p - 1. Let l be o(-4). Suppose 1452 = 5*q + 3*n, 4*q + 8*n - 1163 = l*n. Is q a prime number?
False
Let y = -958 - -645. Let q be -10*((-2268)/30 + 3). Let f = y + q. Is f a prime number?
False
Let a = -14 - -90. Suppose -3*c + 4*m = -98 - a, 2*c - 114 = 2*m. Suppose 4*t = c - 10. Is t prime?
True
Suppose -3*b = -6*b - s + 121987, 2*b + 4*s - 81338 = 0. Is b a composite number?
True
Suppose -5*h + 12615 = -5*m, -3*h = 37*m - 36*m - 7561. Is h a prime number?
True
Suppose 0 - 6 = -3*k. Suppose 2217 + 613 = k*y. Is y composite?
True
Let w(m) = 5*m**2 + 5*m - 13. Let x(h) = 10*h**2 + 9*h - 24. Let a(c) = -11*w(c) + 6*x(c). Is a(-3) a prime number?
True
Suppose 4*m + 9054 = 2*c, 5*c - 12*m - 22674 = -15*m. Is c composite?
True
Suppose -u = -2*u - 4*u. Suppose 4*k - k + 3752 = y, u = -5*y + 2*k + 18799. Is y a composite number?
False
Suppose -156 = -8*c + 4*c. Let n = c + -36. Suppose 3*y = 4*w - 483, 0*y = y - n. Is w prime?
False
Suppose -2*r = 12*r - 247282. Is r composite?
True
Let d = -43 - -46. Suppose 625 = d*h - 5*c, -2*c - 830 = -4*h + 3*c. Is h a composite number?
True
Let w = -6796 - -14781. Is w a composite number?
True
Suppose 61*b = 71*b - 102890. Is b a composite number?
False
Suppose -35*q + 26*q = -15813. Is q composite?
True
Let g(j) = -299*j - 59. Is g(-6) a composite number?
True
Suppose 3 = 3*x, -3*m - x - 257 = 306. Let k = 201 - m. Is k a prime number?
True
Let o(g) = 326*g**2 + 36*g - 139. Is o(9) a composite number?
False
Let h(f) = -9*f**3 - 4*f - 19. Is h(-6) a composite number?
False
Suppose 2*n + 10 = 0, 5*j = -4*n + 11 + 39. Suppose 3*y + 5*r - 29 = -8, 5*r = 2*y - j. Is y composite?
False
Let r be (18 - 10) + 4 + -13. Let j(a) = 3*a + 1. Let n be j(2). Is n/(7/222) - r a prime number?
True
Suppose -4*h + j = -284 - 14, h - j = 73. Let y be (-2)/(-4) - 1/(-2). Is h + (y - 1) + 2 prime?
False
Let z = 32 - 36. Let m be 0 - -6 - (z - -6). Suppose 0 = -c + m*c - 45. Is c a composite number?
True
Let v = -9731 - -2913. Is 6/3*1*v/(-4) a prime number?
False
Let k(f) = -9*f**2 + f + 1. Let z be k(-1). Let a = z - -8. Is (0 - a/2)*262 a prime number?
True
Let t(h) = -10*h + 31. Let x(g) = -11*g + 30. Let d(c) = -3*t(c) + 2*x(c). Is d(16) a prime number?
False
Suppose -1496 = -l - l. Suppose 5*v = v + l. Suppose 3*q - 1214 = v. Is q prime?
True
Let p(a) = a**2 - a - 13. Let g be p(0). Is (2531 + g)/((-2)/(-1)) a prime number?
True
Suppose -228*y = -218*y - 29710. Is y a composite number?
False
Let d(c) = 4731*c. Let k be d(1). Let j = 2684 - k. Let u = j + 4728. Is u a composite number?
True
Suppose 4*g = 2*q + 63006, -3*g - 4*q = -18009 - 29273. Is g prime?
False
Is (-6)/(-36)*-2*-18474 composite?
True
Suppose 2*r + 2*v - 16 = 4*v, 2*r + 4*v - 16 = 0. Suppose -5*h - 28 = -r. Is 1582/6 + h/6 a prime number?
True
Suppose -14*q - 183197 = -21*q. Is q a prime number?
True
Suppose -9*t + 12*t + 810 = 3*c, -t = -5*c + 1354. Is c prime?
True
Let p(b) = -15*b - 5. Suppose -10 = -0*g - g - 5*r, -4*r + 8 = 4*g. Suppose 4*o = -24 - g. Is p(o) prime?
False
Is (-2*(-8)/(-40))/((-8)/167380) composite?
False
Suppose -4*v + 5 = 5*h + 13, 0 = 5*v - 4*h - 31. Suppose 0*b + v*b + 408 = 0. Let l = b - -251. Is l composite?
True
Suppose -7725 = -3*k + 4*c, -2*k - c - 4*c = -5173. Is k a composite number?
False
Suppose -45*w + 36*w + 8001 = 0. Is w composite?
True
Is 21/63 - (496960/(-6))/4 prime?
True
Suppose -5*l + 15251 = 476. Suppose 8*u = -883 + l. Is u a composite number?
True
Suppose 1931 = l - 4742. Let u = 9992 - l. Is u composite?
False
Let o = 12318 + -3781. Is o prime?
True
Let z(b) = -1. Let y(o) = -5*o - 13. Let i(s) = -y(s) - 3*z(s). Let n be i(6). Let t = n + -13. Is t composite?
True
Suppose 0 = -13*y + 9*y + 16996. Is y prime?
False
Let p be 4*(-4 + 267/4). Let y(x) = x**2 - x + 162. Let k be y(0). Suppose -p = -u + k. Is u prime?
False
Let n = -47913 + 117452. Is n a prime number?
True
Let u = 17 - 5. Let s(b) be the second derivative of -b**5/20 + 11*b**4/12 + 7*b**3/3 - 13*b**2/2 - 48*b. Is s(u) a composite number?
False
Let d = 1427 - 28. Is d composite?
False
Suppose -4*v = -3*i + 12, 2*i + 2*v = 5*i - 12. Let f be i/(-10)*(-50)/(-2). Let d = 69 + f. Is d a composite number?
False
Let o(m) = 4 + 167*m - 86*m - 2. Is o(1) composite?
False
Let o = -17 - -35. Let i be 8/6*o/4. Is (i/(-2) - -4)*55 a prime number?
False
Suppose -199 = 2*z - 203. Suppose 0 = 3*u + z*i - 2463, 821 = -0*u + u + 3*i. Is u prime?
True
Let s = 20 - 29. Let x = s - -11. Suppose 3*p - 4*n = -x*n + 47, -3*p - 2*n + 67 = 0. Is p a composite number?
False
Let r(y) = 6*y + 3254. Is r(0) prime?
False
Let c(d) = -195*d**3 - 2*d**2 + d. Let o be c(1). Is o/(-2) + (-1)/1 a composite number?
False
Is (5 - (-4)/(28/70189)) + -5 composite?
True
Let t(l) = 4*l**2 + 56*l + 9. Is t(-15) a prime number?
False
Let v = 4100 - 2495. Suppose -4*x = -v - 511. Is x prime?
False
Suppose 2*r + 5 = 23. Let j = r + -9. Is (0 - j - 77)/(-1) composite?
True
Let s = 2907 - -2317. Suppose 29*x = 33*x - s. Is x composite?
True
Suppose -5*p + 15 = -5*g, -p = -5*g + g + 3. Let l be 48/20*(-70)/(-4). Let q = l + p. Is q a composite number?
False
Let u = -3 - -8. Suppose 3*p = -5*i - u, i + 6 = -3*p - 7. Is 2*(-2 - (-17)/i) composite?
False
Let h(v) = -196*v**3 + 2*v**2 + 11*v + 34. Is h(-3) prime?
False
Let i(f) = 6*f**2 - 5. Let g be i(2). Let t(s) = s**3 - 16*s**2 - 19*s - 45. Is t(g) a prime number?
True
Let b(c) = 6*c - 9*c**2 - 9 + 2*c + 8*c**2. Let y be b(8). Let g(n) = -22*n + 13. Is g(y) composite?
False
Suppose -o + 10*o = 3771. Is o prime?
True
Suppose 0*x = -5*c + x + 6, -5*c + 2 = -2*x. Suppose 0*l = c*l - 52. Is l composite?
True
Suppose -19684 - 7676 = -8*w. Suppose -4*s = -w + 176. Is s composite?
False